{"id":2086,"date":"2023-07-26T17:21:16","date_gmt":"2023-07-26T15:21:16","guid":{"rendered":"https:\/\/mhdemo.local\/?post_type=product&#038;p=2086"},"modified":"2024-01-13T12:55:00","modified_gmt":"2024-01-13T11:55:00","slug":"konttipv-2-0","status":"publish","type":"product","link":"https:\/\/mobilhybrid.de\/fi\/tuote\/konttipv-2-0\/","title":{"rendered":"KonttiPV 2.0"},"content":{"rendered":"<p>Die <strong><span style=\"color: #58a332;\">C<\/span><\/strong>kontti<strong><span style=\"color: #58a332;\">PV<\/span><\/strong> 2.0 on huippumoderni aurinkos\u00e4hk\u00f6j\u00e4rjestelm\u00e4, joka on kehitetty erityisesti integroitavaksi konttiratkaisuihin. T\u00e4m\u00e4 innovatiivinen ratkaisu tarjoaa lukuisia etuja, jotka tekev\u00e4t siit\u00e4 ihanteellisen valinnan erilaisiin sovelluksiin:<\/p>\n<p><strong>1. Kustannusoptimoitu kuljetus ja helppo k\u00e4sittely<\/strong>: <strong><span style=\"color: #58a332;\">C<\/span><\/strong>kontti<strong><span style=\"color: #58a332;\">PV<\/span><\/strong> 2.0 on suunniteltu painottaen kustannustehokasta kuljetusta ja helppok\u00e4ytt\u00f6isyytt\u00e4. T\u00e4m\u00e4 mahdollistaa sujuvan integroinnin ja k\u00e4yt\u00f6n erilaisissa ymp\u00e4rist\u00f6iss\u00e4.<\/p>\n<p><strong>2. Joustava asennus sek\u00e4 konttien katoille ett\u00e4 maastoon<\/strong>: T\u00e4m\u00e4 aurinkos\u00e4hk\u00f6j\u00e4rjestelm\u00e4 voidaan asentaa sek\u00e4 konttien katolle ett\u00e4 avoimelle alueelle. T\u00e4m\u00e4 monipuolisuus tekee siit\u00e4 erityisen mukautuvan ja hy\u00f6dyllisen.<\/p>\n<p><strong>3. Esikokoonpantu PV-j\u00e4rjestelm\u00e4 kaikenlaisiin kontteihin, sopii my\u00f6s 3 m:n kontteihin<\/strong>: <strong><span style=\"color: #58a332;\">C<\/span><\/strong>kontti<strong><span style=\"color: #58a332;\">PV<\/span><\/strong> 2.0 on esiasennettu PV-j\u00e4rjestelm\u00e4, joka sopii erikokoisiin kontteihin, mukaan lukien 3 metrin kontit. T\u00e4m\u00e4 mahdollistaa laajan k\u00e4ytt\u00f6alueen.<\/p>\n<p><strong>4. Asennettu painos\u00e4ili\u00f6 turvalliseen painottamiseen ilman l\u00e4p\u00e4isy\u00e4<\/strong>: PV-j\u00e4rjestelm\u00e4ss\u00e4 on asennettu painos\u00e4ili\u00f6, joka mahdollistaa turvallisen painottamisen ilman, ett\u00e4 kontin pinta vaurioituu.<\/p>\n<p><strong>5. Voidaan s\u00e4\u00e4t\u00e4\u00e4 yksil\u00f6llisesti sijainnin ja kontin asennon mukaan<\/strong>: <span style=\"color: #58a332;\"><strong>C<\/strong><\/span>kontti<strong><span style=\"color: #58a332;\">PV<\/span><\/strong> 2.0 on yksil\u00f6llisesti s\u00e4\u00e4dett\u00e4viss\u00e4, jotta voidaan varmistaa paras mahdollinen auringonvalo eri sijainneissa ja erilaisissa konttipaikoissa.<\/p>","protected":false},"excerpt":{"rendered":"<p>Die <span style=\"color: #58a332;\"><strong>C<\/strong><\/span>kontti<strong><span style=\"color: #58a332;\">PV<\/span><\/strong> 2.0 tarjoaa tulevaisuuteen suuntautuvan mahdollisuuden integroida aurinkoenergia konttiratkaisuihin ja on t\u00e4ydellinen valinta projekteihin, jotka vaativat kustannustehokasta, kest\u00e4v\u00e4\u00e4 ja joustavaa energial\u00e4hdett\u00e4.<\/p>","protected":false},"featured_media":2088,"comment_status":"closed","ping_status":"closed","template":"","meta":[],"product_brand":[],"product_cat":[65],"product_tag":[61],"class_list":{"0":"post-2086","1":"product","2":"type-product","3":"status-publish","4":"has-post-thumbnail","6":"product_cat-pv-systeme","7":"product_tag-containerpv-2-0","9":"first","10":"instock","11":"shipping-taxable","12":"product-type-simple"},"yoast_head":"<!-- This site is optimized with the Yoast SEO plugin v26.6 - https:\/\/yoast.com\/wordpress\/plugins\/seo\/ -->\n<title>ContainerPV 2.0 - MobilHybrid<\/title>\n<meta name=\"description\" content=\"ContainerPV 2.0, die vormontierte PV-Anlage f\u00fcr 10 Fu\u00df Container 850Wp garantiert eine schnelle, einfache und sichere Montage.\" \/>\n<meta name=\"robots\" content=\"index, follow, max-snippet:-1, max-image-preview:large, max-video-preview:-1\" \/>\n<link rel=\"canonical\" href=\"https:\/\/mobilhybrid.de\/fi\/tuote\/konttipv-2-0\/\" \/>\n<meta property=\"og:locale\" content=\"fi_FI\" \/>\n<meta property=\"og:type\" content=\"article\" \/>\n<meta property=\"og:title\" content=\"ContainerPV 2.0 - MobilHybrid\" \/>\n<meta property=\"og:description\" content=\"ContainerPV 2.0, die vormontierte PV-Anlage f\u00fcr 10 Fu\u00df Container 850Wp garantiert eine schnelle, einfache und sichere Montage.\" \/>\n<meta property=\"og:url\" content=\"https:\/\/mobilhybrid.de\/fi\/tuote\/konttipv-2-0\/\" \/>\n<meta property=\"og:site_name\" content=\"MobilHybrid\" \/>\n<meta property=\"article:publisher\" content=\"https:\/\/www.facebook.com\/MobilHybrid\/\" \/>\n<meta property=\"article:modified_time\" content=\"2024-01-13T11:55:00+00:00\" \/>\n<meta property=\"og:image\" content=\"https:\/\/mobilhybrid.de\/wp-content\/uploads\/2023\/07\/Unbenannt-1.jpg\" \/>\n\t<meta property=\"og:image:width\" content=\"1000\" \/>\n\t<meta property=\"og:image:height\" content=\"1000\" \/>\n\t<meta property=\"og:image:type\" content=\"image\/jpeg\" \/>\n<meta name=\"twitter:card\" content=\"summary_large_image\" \/>\n<script type=\"application\/ld+json\" class=\"yoast-schema-graph\">{\"@context\":\"https:\/\/schema.org\",\"@graph\":[{\"@type\":\"WebPage\",\"@id\":\"https:\/\/mobilhybrid.de\/product\/containerpv-2-0\/\",\"url\":\"https:\/\/mobilhybrid.de\/product\/containerpv-2-0\/\",\"name\":\"ContainerPV 2.0 - MobilHybrid\",\"isPartOf\":{\"@id\":\"https:\/\/mobilhybrid.de\/#website\"},\"primaryImageOfPage\":{\"@id\":\"https:\/\/mobilhybrid.de\/product\/containerpv-2-0\/#primaryimage\"},\"image\":{\"@id\":\"https:\/\/mobilhybrid.de\/product\/containerpv-2-0\/#primaryimage\"},\"thumbnailUrl\":\"https:\/\/mobilhybrid.de\/wp-content\/uploads\/2023\/07\/Unbenannt-1.jpg\",\"datePublished\":\"2023-07-26T15:21:16+00:00\",\"dateModified\":\"2024-01-13T11:55:00+00:00\",\"description\":\"ContainerPV 2.0, die vormontierte PV-Anlage f\u00fcr 10 Fu\u00df Container 850Wp garantiert eine schnelle, einfache und sichere Montage.\",\"breadcrumb\":{\"@id\":\"https:\/\/mobilhybrid.de\/product\/containerpv-2-0\/#breadcrumb\"},\"inLanguage\":\"fi\",\"potentialAction\":[{\"@type\":\"ReadAction\",\"target\":[\"https:\/\/mobilhybrid.de\/product\/containerpv-2-0\/\"]}]},{\"@type\":\"ImageObject\",\"inLanguage\":\"fi\",\"@id\":\"https:\/\/mobilhybrid.de\/product\/containerpv-2-0\/#primaryimage\",\"url\":\"https:\/\/mobilhybrid.de\/wp-content\/uploads\/2023\/07\/Unbenannt-1.jpg\",\"contentUrl\":\"https:\/\/mobilhybrid.de\/wp-content\/uploads\/2023\/07\/Unbenannt-1.jpg\",\"width\":1000,\"height\":1000,\"caption\":\"ContainerPV 2.0\"},{\"@type\":\"BreadcrumbList\",\"@id\":\"https:\/\/mobilhybrid.de\/product\/containerpv-2-0\/#breadcrumb\",\"itemListElement\":[{\"@type\":\"ListItem\",\"position\":1,\"name\":\"Home\",\"item\":\"https:\/\/mobilhybrid.de\/\"},{\"@type\":\"ListItem\",\"position\":2,\"name\":\"Produkte\",\"item\":\"https:\/\/mobilhybrid.de\/shop\/\"},{\"@type\":\"ListItem\",\"position\":3,\"name\":\"ContainerPV 2.0\"}]},{\"@type\":\"WebSite\",\"@id\":\"https:\/\/mobilhybrid.de\/#website\",\"url\":\"https:\/\/mobilhybrid.de\/\",\"name\":\"MobilHybrid\",\"description\":\"die autarke, mobile netzunabh\u00e4ngige Stromversorgung\",\"publisher\":{\"@id\":\"https:\/\/mobilhybrid.de\/#organization\"},\"potentialAction\":[{\"@type\":\"SearchAction\",\"target\":{\"@type\":\"EntryPoint\",\"urlTemplate\":\"https:\/\/mobilhybrid.de\/?s={search_term_string}\"},\"query-input\":{\"@type\":\"PropertyValueSpecification\",\"valueRequired\":true,\"valueName\":\"search_term_string\"}}],\"inLanguage\":\"fi\"},{\"@type\":\"Organization\",\"@id\":\"https:\/\/mobilhybrid.de\/#organization\",\"name\":\"MobilHybrid GmbH\",\"url\":\"https:\/\/mobilhybrid.de\/\",\"logo\":{\"@type\":\"ImageObject\",\"inLanguage\":\"fi\",\"@id\":\"https:\/\/mobilhybrid.de\/#\/schema\/logo\/image\/\",\"url\":\"https:\/\/mobilhybrid.de\/wp-content\/uploads\/2020\/04\/152.png\",\"contentUrl\":\"https:\/\/mobilhybrid.de\/wp-content\/uploads\/2020\/04\/152.png\",\"width\":152,\"height\":152,\"caption\":\"MobilHybrid GmbH\"},\"image\":{\"@id\":\"https:\/\/mobilhybrid.de\/#\/schema\/logo\/image\/\"},\"sameAs\":[\"https:\/\/www.facebook.com\/MobilHybrid\/\",\"https:\/\/www.instagram.com\/_mobilhybrid_\/?hl=de\",\"https:\/\/www.youtube.com\/@pv4lifegmbh476\",\"https:\/\/de.linkedin.com\/company\/mobilhybrid-ug\"]}]}<\/script>\n<!-- \/ Yoast SEO plugin. -->","yoast_head_json":{"title":"ContainerPV 2.0 \u2013 MobilHybrid","description":"ContainerPV 2.0, esiasennettu PV-j\u00e4rjestelm\u00e4 10 jalan konttiin 850 Wp, takaa nopean, helpon ja turvallisen asennuksen.","robots":{"index":"index","follow":"follow","max-snippet":"max-snippet:-1","max-image-preview":"max-image-preview:large","max-video-preview":"max-video-preview:-1"},"canonical":"https:\/\/mobilhybrid.de\/fi\/tuote\/konttipv-2-0\/","og_locale":"fi_FI","og_type":"article","og_title":"ContainerPV 2.0 - MobilHybrid","og_description":"ContainerPV 2.0, die vormontierte PV-Anlage f\u00fcr 10 Fu\u00df Container 850Wp garantiert eine schnelle, einfache und sichere Montage.","og_url":"https:\/\/mobilhybrid.de\/fi\/tuote\/konttipv-2-0\/","og_site_name":"MobilHybrid","article_publisher":"https:\/\/www.facebook.com\/MobilHybrid\/","article_modified_time":"2024-01-13T11:55:00+00:00","og_image":[{"width":1000,"height":1000,"url":"https:\/\/mobilhybrid.de\/wp-content\/uploads\/2023\/07\/Unbenannt-1.jpg","type":"image\/jpeg"}],"twitter_card":"summary_large_image","schema":{"@context":"https:\/\/schema.org","@graph":[{"@type":"WebPage","@id":"https:\/\/mobilhybrid.de\/product\/containerpv-2-0\/","url":"https:\/\/mobilhybrid.de\/product\/containerpv-2-0\/","name":"ContainerPV 2.0 \u2013 MobilHybrid","isPartOf":{"@id":"https:\/\/mobilhybrid.de\/#website"},"primaryImageOfPage":{"@id":"https:\/\/mobilhybrid.de\/product\/containerpv-2-0\/#primaryimage"},"image":{"@id":"https:\/\/mobilhybrid.de\/product\/containerpv-2-0\/#primaryimage"},"thumbnailUrl":"https:\/\/mobilhybrid.de\/wp-content\/uploads\/2023\/07\/Unbenannt-1.jpg","datePublished":"2023-07-26T15:21:16+00:00","dateModified":"2024-01-13T11:55:00+00:00","description":"ContainerPV 2.0, esiasennettu PV-j\u00e4rjestelm\u00e4 10 jalan konttiin 850 Wp, takaa nopean, helpon ja turvallisen asennuksen.","breadcrumb":{"@id":"https:\/\/mobilhybrid.de\/product\/containerpv-2-0\/#breadcrumb"},"inLanguage":"fi","potentialAction":[{"@type":"ReadAction","target":["https:\/\/mobilhybrid.de\/product\/containerpv-2-0\/"]}]},{"@type":"ImageObject","inLanguage":"fi","@id":"https:\/\/mobilhybrid.de\/product\/containerpv-2-0\/#primaryimage","url":"https:\/\/mobilhybrid.de\/wp-content\/uploads\/2023\/07\/Unbenannt-1.jpg","contentUrl":"https:\/\/mobilhybrid.de\/wp-content\/uploads\/2023\/07\/Unbenannt-1.jpg","width":1000,"height":1000,"caption":"ContainerPV 2.0"},{"@type":"BreadcrumbList","@id":"https:\/\/mobilhybrid.de\/product\/containerpv-2-0\/#breadcrumb","itemListElement":[{"@type":"ListItem","position":1,"name":"Home","item":"https:\/\/mobilhybrid.de\/"},{"@type":"ListItem","position":2,"name":"Produkte","item":"https:\/\/mobilhybrid.de\/shop\/"},{"@type":"ListItem","position":3,"name":"ContainerPV 2.0"}]},{"@type":"WebSite","@id":"https:\/\/mobilhybrid.de\/#website","url":"https:\/\/mobilhybrid.de\/","name":"MobilHybrid","description":"itsen\u00e4inen, mobiili, verkosta riippumaton virransy\u00f6tt\u00f6","publisher":{"@id":"https:\/\/mobilhybrid.de\/#organization"},"potentialAction":[{"@type":"SearchAction","target":{"@type":"EntryPoint","urlTemplate":"https:\/\/mobilhybrid.de\/?s={search_term_string}"},"query-input":{"@type":"PropertyValueSpecification","valueRequired":true,"valueName":"search_term_string"}}],"inLanguage":"fi"},{"@type":"Organization","@id":"https:\/\/mobilhybrid.de\/#organization","name":"MobilHybrid GmbH","url":"https:\/\/mobilhybrid.de\/","logo":{"@type":"ImageObject","inLanguage":"fi","@id":"https:\/\/mobilhybrid.de\/#\/schema\/logo\/image\/","url":"https:\/\/mobilhybrid.de\/wp-content\/uploads\/2020\/04\/152.png","contentUrl":"https:\/\/mobilhybrid.de\/wp-content\/uploads\/2020\/04\/152.png","width":152,"height":152,"caption":"MobilHybrid GmbH"},"image":{"@id":"https:\/\/mobilhybrid.de\/#\/schema\/logo\/image\/"},"sameAs":["https:\/\/www.facebook.com\/MobilHybrid\/","https:\/\/www.instagram.com\/_mobilhybrid_\/?hl=de","https:\/\/www.youtube.com\/@pv4lifegmbh476","https:\/\/de.linkedin.com\/company\/mobilhybrid-ug"]}]}},"_links":{"self":[{"href":"https:\/\/mobilhybrid.de\/fi\/wp-json\/wp\/v2\/product\/2086","targetHints":{"allow":["GET"]}}],"collection":[{"href":"https:\/\/mobilhybrid.de\/fi\/wp-json\/wp\/v2\/product"}],"about":[{"href":"https:\/\/mobilhybrid.de\/fi\/wp-json\/wp\/v2\/types\/product"}],"replies":[{"embeddable":true,"href":"https:\/\/mobilhybrid.de\/fi\/wp-json\/wp\/v2\/comments?post=2086"}],"wp:featuredmedia":[{"embeddable":true,"href":"https:\/\/mobilhybrid.de\/fi\/wp-json\/wp\/v2\/media\/2088"}],"wp:attachment":[{"href":"https:\/\/mobilhybrid.de\/fi\/wp-json\/wp\/v2\/media?parent=2086"}],"wp:term":[{"taxonomy":"product_brand","embeddable":true,"href":"https:\/\/mobilhybrid.de\/fi\/wp-json\/wp\/v2\/product_brand?post=2086"},{"taxonomy":"product_cat","embeddable":true,"href":"https:\/\/mobilhybrid.de\/fi\/wp-json\/wp\/v2\/product_cat?post=2086"},{"taxonomy":"product_tag","embeddable":true,"href":"https:\/\/mobilhybrid.de\/fi\/wp-json\/wp\/v2\/product_tag?post=2086"}],"curies":[{"name":"wp","href":"https:\/\/api.w.org\/{rel}","templated":true}]}}

<p>Die <strong><span style="color: #58a332;">C</span></strong>kontti<strong><span style="color: #58a332;">PV</span></strong> 2.0 on huippumoderni aurinkosähköjärjestelmä, joka on kehitetty erityisesti integroitavaksi konttiratkaisuihin. Tämä innovatiivinen ratkaisu tarjoaa lukuisia etuja, jotka tekevät siitä ihanteellisen valinnan erilaisiin sovelluksiin:</p>
<p><strong>1. Kustannusoptimoitu kuljetus ja helppo käsittely</strong>: <strong><span style="color: #58a332;">C</span></strong>kontti<strong><span style="color: #58a332;">PV</span></strong> 2.0 on suunniteltu painottaen kustannustehokasta kuljetusta ja helppokäyttöisyyttä. Tämä mahdollistaa sujuvan integroinnin ja käytön erilaisissa ympäristöissä.</p>
<p><strong>2. Joustava asennus sekä konttien katoille että maastoon</strong>: Tämä aurinkosähköjärjestelmä voidaan asentaa sekä konttien katolle että avoimelle alueelle. Tämä monipuolisuus tekee siitä erityisen mukautuvan ja hyödyllisen.</p>
<p><strong>3. Esikokoonpantu PV-järjestelmä kaikenlaisiin kontteihin, sopii myös 3 m:n kontteihin</strong>: <strong><span style="color: #58a332;">C</span></strong>kontti<strong><span style="color: #58a332;">PV</span></strong> 2.0 on esiasennettu PV-järjestelmä, joka sopii erikokoisiin kontteihin, mukaan lukien 3 metrin kontit. Tämä mahdollistaa laajan käyttöalueen.</p>
<p><strong>4. Asennettu painosäiliö turvalliseen painottamiseen ilman läpäisyä</strong>: PV-järjestelmässä on asennettu painosäiliö, joka mahdollistaa turvallisen painottamisen ilman, että kontin pinta vaurioituu.</p>
<p><strong>5. Voidaan säätää yksilöllisesti sijainnin ja kontin asennon mukaan</strong>: <span style="color: #58a332;"><strong>C</strong></span>kontti<strong><span style="color: #58a332;">PV</span></strong> 2.0 on yksilöllisesti säädettävissä, jotta voidaan varmistaa paras mahdollinen auringonvalo eri sijainneissa ja erilaisissa konttipaikoissa.</p>

<p>Die <span style="color: #58a332;"><strong>C</strong></span>kontti<strong><span style="color: #58a332;">PV</span></strong> 2.0 tarjoaa tulevaisuuteen suuntautuvan mahdollisuuden integroida aurinkoenergia konttiratkaisuihin ja on täydellinen valinta projekteihin, jotka vaativat kustannustehokasta, kestävää ja joustavaa energialähdettä.</p>

<!-- This site is optimized with the Yoast SEO plugin v26.6 - https://yoast.com/wordpress/plugins/seo/ -->
<title>ContainerPV 2.0 - MobilHybrid</title>
<meta name="description" content="ContainerPV 2.0, die vormontierte PV-Anlage für 10 Fuß Container 850Wp garantiert eine schnelle, einfache und sichere Montage." />
<meta name="robots" content="index, follow, max-snippet:-1, max-image-preview:large, max-video-preview:-1" />
<link rel="canonical" href="https://mobilhybrid.de/fi/tuote/konttipv-2-0/" />
<meta property="og:locale" content="fi_FI" />
<meta property="og:type" content="article" />
<meta property="og:title" content="ContainerPV 2.0 - MobilHybrid" />
<meta property="og:description" content="ContainerPV 2.0, die vormontierte PV-Anlage für 10 Fuß Container 850Wp garantiert eine schnelle, einfache und sichere Montage." />
<meta property="og:url" content="https://mobilhybrid.de/fi/tuote/konttipv-2-0/" />
<meta property="og:site_name" content="MobilHybrid" />
<meta property="article:publisher" content="https://www.facebook.com/MobilHybrid/" />
<meta property="article:modified_time" content="2024-01-13T11:55:00+00:00" />
<meta property="og:image" content="https://mobilhybrid.de/wp-content/uploads/2023/07/Unbenannt-1.jpg" />
	<meta property="og:image:width" content="1000" />
	<meta property="og:image:height" content="1000" />
	<meta property="og:image:type" content="image/jpeg" />
<meta name="twitter:card" content="summary_large_image" />
<script type="application/ld+json" class="yoast-schema-graph">{"@context":"https://schema.org","@graph":[{"@type":"WebPage","@id":"https://mobilhybrid.de/product/containerpv-2-0/","url":"https://mobilhybrid.de/product/containerpv-2-0/","name":"ContainerPV 2.0 - MobilHybrid","isPartOf":{"@id":"https://mobilhybrid.de/#website"},"primaryImageOfPage":{"@id":"https://mobilhybrid.de/product/containerpv-2-0/#primaryimage"},"image":{"@id":"https://mobilhybrid.de/product/containerpv-2-0/#primaryimage"},"thumbnailUrl":"https://mobilhybrid.de/wp-content/uploads/2023/07/Unbenannt-1.jpg","datePublished":"2023-07-26T15:21:16+00:00","dateModified":"2024-01-13T11:55:00+00:00","description":"ContainerPV 2.0, die vormontierte PV-Anlage für 10 Fuß Container 850Wp garantiert eine schnelle, einfache und sichere Montage.","breadcrumb":{"@id":"https://mobilhybrid.de/product/containerpv-2-0/#breadcrumb"},"inLanguage":"fi","potentialAction":[{"@type":"ReadAction","target":["https://mobilhybrid.de/product/containerpv-2-0/"]}]},{"@type":"ImageObject","inLanguage":"fi","@id":"https://mobilhybrid.de/product/containerpv-2-0/#primaryimage","url":"https://mobilhybrid.de/wp-content/uploads/2023/07/Unbenannt-1.jpg","contentUrl":"https://mobilhybrid.de/wp-content/uploads/2023/07/Unbenannt-1.jpg","width":1000,"height":1000,"caption":"ContainerPV 2.0"},{"@type":"BreadcrumbList","@id":"https://mobilhybrid.de/product/containerpv-2-0/#breadcrumb","itemListElement":[{"@type":"ListItem","position":1,"name":"Home","item":"https://mobilhybrid.de/"},{"@type":"ListItem","position":2,"name":"Produkte","item":"https://mobilhybrid.de/shop/"},{"@type":"ListItem","position":3,"name":"ContainerPV 2.0"}]},{"@type":"WebSite","@id":"https://mobilhybrid.de/#website","url":"https://mobilhybrid.de/","name":"MobilHybrid","description":"die autarke, mobile netzunabhängige Stromversorgung","publisher":{"@id":"https://mobilhybrid.de/#organization"},"potentialAction":[{"@type":"SearchAction","target":{"@type":"EntryPoint","urlTemplate":"https://mobilhybrid.de/?s={search_term_string}"},"query-input":{"@type":"PropertyValueSpecification","valueRequired":true,"valueName":"search_term_string"}}],"inLanguage":"fi"},{"@type":"Organization","@id":"https://mobilhybrid.de/#organization","name":"MobilHybrid GmbH","url":"https://mobilhybrid.de/","logo":{"@type":"ImageObject","inLanguage":"fi","@id":"https://mobilhybrid.de/#/schema/logo/image/","url":"https://mobilhybrid.de/wp-content/uploads/2020/04/152.png","contentUrl":"https://mobilhybrid.de/wp-content/uploads/2020/04/152.png","width":152,"height":152,"caption":"MobilHybrid GmbH"},"image":{"@id":"https://mobilhybrid.de/#/schema/logo/image/"},"sameAs":["https://www.facebook.com/MobilHybrid/","https://www.instagram.com/_mobilhybrid_/?hl=de","https://www.youtube.com/@pv4lifegmbh476","https://de.linkedin.com/company/mobilhybrid-ug"]}]}</script>
<!-- / Yoast SEO plugin. -->

ContainerPV 2.0, esiasennettu PV-järjestelmä 10 jalan konttiin 850 Wp, takaa nopean, helpon ja turvallisen asennuksen.

ContainerPV 2.0, die vormontierte PV-Anlage für 10 Fuß Container 850Wp garantiert eine schnelle, einfache und sichere Montage.

itsenäinen, mobiili, verkosta riippumaton virransyöttö
